in base 9?
-11811
-1fa (base 16) to base 2
-111111010
9373 (base 13) to base 7
113254
-94a (base 15) to base 12
-1267
What is -101111112 (base 3) in base 6?
-55235
12010 (base 3) to base 13
a8
Convert -10100010010011 (base 2) to base 14.
-3add
10325 (base 8) to base 16
10d5
3844 (base 11) to base 4
1032101
Convert 144033 (base 7) to base 9.
42126
What is -1451 (base 9) in base 16?
-44b
What is 1111000 (base 2) in base 15?
80
What is 1444 (base 9) in base 12?
771
What is 7970 (base 11) in base 14?
3b6b
Convert -23320301 (base 4) to base 12.
-24215
Convert 3420 (base 7) to base 11.
a27
Convert 16a1 (base 12) to base 15.
c0d
210100 (base 3) to base 10
576
What is -121001112 (base 3) in base 16?
-2db9
2103 (base 9) to base 3
2010010
Convert -572 (base 10) to base 7.
-1445
1107 (base 13) to base 9
3226
Convert -10201000 (base 3) to base 8.
-5214
4203 (base 6) to base 16
3ab
Convert -5b1 (base 16) to base 8.
-2661
2201221 (base 3) to base 9
2657
What is -20411 (base 5) in base 13?
-804
67 (base 10) to base 9
74
Convert -1061 (base 9) to base 3.
-1002001
101100120 (base 3) to base 16
1d7c
-155512 (base 6) to base 15
-48ee
What is 11237 (base 9) in base 8?
16476
11011101110 (base 2) to base 13
a66
Convert 1022021 (base 3) to base 14.
4c0
-313 (base 4) to base 7
-106
12102 (base 3) to base 6
402
What is -412 (base 9) in base 12?
-23b
Convert -6422 (base 10) to base 2.
-1100100010110
What is -478a (base 16) in base 14?
-6962
Convert 4370 (base 9) to base 13.
160b
What is 2211130 (base 5) in base 11?
2684a
What is 15442 (base 6) in base 12?
1582
Convert 4da0 (base 15) to base 4.
10002333
-641 (base 8) to base 6
-1533
Convert -4889 (base 12) to base 15.
-2649
Convert -176a (base 11) to base 14.
-b70
-33503 (base 7) to base 12
-4aa8
What is 11006 (base 7) in base 16?
abe
What is -46b (base 15) in base 4?
-33221
-10111010010 (base 2) to base 6
-10522
What is -120112 (base 3) in base 2?
-110100011
What is 3140 (base 6) in base 15?
323
-1a6a (base 14) to base 7
-16663
1115123 (base 6) to base 7
324525
What is 212026 (base 7) in base 14?
d54d
Convert 13c (base 15) to base 3.
101110
920f (base 16) to base 10
37391
-15654 (base 7) to base 2
-1000101100001
Convert -15511 (base 6) to base 7.
-10321
1333321 (base 4) to base 7
32602
Convert -21002121 (base 3) to base 7.
-21040
What is -26ee (base 15) in base 12?
-4998
2557 (base 13) to base 10
5311
What is 1018 (base 15) in base 6?
23422
Convert 1277 (base 9) to base 16.
3c1
Convert 3533 (base 14) to base 16.
2429
-1e2f (base 16) to base 10
-7727
Convert 3453 (base 6) to base 15.
3a0
What is -2423 (base 6) in base 16?
-24f
Convert -10631 (base 10) to base 13.
-4aba
What is -19425 (base 15) in base 5?
-10110220
What is 2023031 (base 4) in base 15?
298e
-1012102 (base 3) to base 5
-12000
161a (base 12) to base 2
101000110110
What is 241 (base 15) in base 13?
304
What is 5a56 (base 15) in base 16?
4b06
Convert 215 (base 6) to base 2.
1010011
1 (base 6) to base 9
1
What is -1114 (base 12) in base 3?
-2120221
-6c74 (base 15) to base 11
-16363
Convert 1610 (base 10) to base 11.
1234
Convert -17081 (base 9) to base 10.
-11737
Convert 16145 (base 7) to base 15.
152b
-64a7 (base 14) to base 4
-10033303
What is 1bd6 (base 14) in base 13?
2415
Convert 15235 (base 6) to base 7.
10130
What is -b753 (base 12) in base 14?
-7463
8387 (base 11) to base 15
3456
-11007 (base 10) to base 14
-4023
What is 5138 (base 9) in base 13?
1934
What is -1803 (base 13) in base 11?
-273a
Convert 262136 (base 7) to base 10.
48782
424 (base 11) to base 10
510
Convert -2238 (base 11) to base 5.
-43240
Convert 2245 (base 13) to base 2.
1001010110101
10353 (base 7) to base 13
123c
1021201 (base 3) to base 7
2506
What is 10143 (base 5) in base 14?
361
What is -3434442 (base 5) in base 3?
-10010212120
What is 2113 (base 10) in base 3?
2220021
What is 31154 (base 8) in base 3?
122201002
What is -21262 (base 7) in base 16?
-14a7
What is -37117 (base 8) in base 11?
-10a91
Convert 60120 (base 7) to base 10.
14469
Convert -94 (base 15) to base 6.
-351
Convert 1101111010011 (base 2) to base 4.
1233103
11002121 (base 3) to base 14
1134
What is -3533 (base 6) in base 7?
-2322
Convert -316a (base 12) to base 14.
-1d86
-1001101100 (base 2) to base 6
-2512
Convert 2030 (base 6) to base 10.
450
What is 1306 (base 7) in base 15?
231
What is -1101010010111 (base 2) in base 12?
-3b33
What is -103 (base 7) in base 14?
-3a
What is 722 (base 14) in base 13?
83b
-86 (base 14) to base 12
-9a
101010100100 (base 2) to base 16
aa4
Convert 1564 (base 7) to base 15.
2c4
Convert 1503 (base 9) to base 7.
3213
595 (base 10) to base 5
4340
Convert -b44 (base 13) to base 16.
-77b
-1004 (base 5) to base 4
-2001
-1012112212 (base 3) to base 16
-5cb1
What is -3443 (base 7) in base 3?
-1201112
-863 (base 10) to base 2
-1101011111
Convert 10333 (base 5) to base 7.
2044
What is -110110001011 (base 2) in base 16?
-d8b
Convert -263016 (base 7) to base 5.
-3032222
5491 (base 13) to base 3
121011021
Convert 37323 (base 9) to base 16.
61da
What is 111210111 (base 3) in base 8?
23511
15093 (base 11) to base 9
32315
Convert -2226 (base 8) to base 5.
-14144
71835 (base 9) to base 4
23203220
Convert -206 (base 8) to base 12.
-b2
Convert -347 (base 10) to base 12.
-24b
-167 (base 9) to base 12
-ba
-847 (base 9) to base 16
-2b3
Convert 115225 (base 6) to base 5.
311431
-80041 (base 9) to base 10
-52525
Convert 3037 (base 9) to base 10.
2221
What is -1000100112 (base 3) in base 9?
-30315
What is 1001011000 (base 2) in base 8?
1130
What is -2147 (base 11) in base 7?
-11156
c8 (base 16) to base 10
200
Convert -12c (base 16) to base 13.
-1a1
-b65 (base 15) to base 9
-3465
Convert 116632 (base 7) to base 4.
11101033
Convert -2bee (base 16) to base 11.
-84a4
Convert -12478 (base 9) to base 7.
-33350
What is 112001 (base 3) in base 16?
17b
What is -120002120 (base 3) in base 8?
-25374
-1db (base 14) to base 15
-1ae
Convert 110021 (base 4) to base 9.
1682
Convert -60 (base 7) to base 9.
-46
Convert 135 (base 8) to base 13.
72
What is 1323222 (base 4) in base 2?
1111011101010
What is 6042 (base 8) in base 14?
11bc
-1174 (base 8) to base 7
-1566
What is -5b2 (base 12) in base 5?
-11404
Convert -10001001001 (base 2) to base 12.
-775
-13210312 (base 4) to base 3
-1120120021
-1000031 (base 4) to base 13
-1b41
What is 20100 (base 3) in base 15?
b6
What is 355e (base 16) in base 3?
200202000
What is -6a (base 11) in base 10?
-76
What is 23502 (base 9) in base 3?
210120002
Convert -1025 (base 9) to base 14.
-3ba
What is -41432 (base 6) in base 12?
-3278
-1255 (base 8) to base 16
-2ad
-3213 (base 5) to base 3
-121001
What is -885 (base 13) in base 11?
-1109
What is 34631 (base 10) in base 15?
a3db
What is 6238 (base 10) in base 4?
1201132
Convert -8383 (base 10) to base 13.
-3a7b
What is -2409d (base 14) in base 3?
-11110122022
50311 (base 8) to base 12
bb75
Convert 3051 (base 8) to base 7.
4412
Convert -5507 (base 8) to base 12.
-1807
What is -12a2 (base 13) in base 14?
-d87
9ad2 (base 16) to base 6
503254
Convert 248 (base 16) to base 4.
21020
Convert -3a8 (base 16) to base 6.
-4200
Convert -143162 (base 7) to base 2.
-110101110001101
b733 (base 16) to base 14
1313d
What is 340 (base 5) in base 11?
87
What is -9a8 (base 12) in base 7?
-4103
1516 (base 7) to base 2
1001011001
63b7 (base 12) to base 8
25273
21221010 (base 3) to base 7
22566
What is 892 (base 13) in base 11?
1118
254c1 (base 13) to base 16
10d4c
Convert -1020212010 (base 3) to base 11.
-175a8
What is -2055 (base 6) in base 12?
-32b
-70 (base 14) to base 6
-242
What is -500 (base 14) in base 5?
-12410
What is -54b (base 12) in base 5?
-11104
-813 (base 14) to base 9
-2151
What is 48276 (base 9) in base 3?
1122022120
What is -35642 (base 8) in base 3?
-202221102
-40 (base 6) to base 8
-30
Convert 4424 (base 9) to base 16.
cbe
Convert 5d5 (base 15) to base 5.
20300
What is 303032 (base 4) in base 16?
cce
721 (base 14) to base 10
1401
What is -41113 (base 5) in base 15?
-bc3
-1212121 (base 3) to base 5
-20431
1 (base 13) to base 4
1
What is -1001101101000 (base 2) in base 5?
-124333
-4604 (base 9) to base 11
-2617
Convert 1101010110 (base 2) to base 4.
31112
What is -6456 (base 13) in base 6?
-144253
-1222031 (base 4) to base 16
-1a8d
Convert -102002